{"id":34,"date":"2026-02-11T23:45:21","date_gmt":"2026-02-11T23:45:21","guid":{"rendered":"https:\/\/nomad-adilkhan.com\/?page_id=34"},"modified":"2026-02-16T09:31:24","modified_gmt":"2026-02-16T09:31:24","slug":"artisanats","status":"publish","type":"page","link":"https:\/\/nomad-adilkhan.com\/index.php\/artisanats\/","title":{"rendered":"Artisanats"},"content":{"rendered":"\r\n<h2 class=\"wp-block-heading has-text-align-center\">AU FILS DES ANS\u2026<\/h2>\r\n\r\n<figure id=\"attachment_327\" aria-describedby=\"caption-attachment-327\" style=\"width: 225px\" class=\"wp-caption alignright\"><a href=\"https:\/\/nomad-adilkhan.com\/wp-content\/uploads\/2026\/02\/IMG_20171202_102903-scaled.jpg\"><img loading=\"lazy\" decoding=\"async\" class=\"wp-image-327 size-medium\" src=\"https:\/\/nomad-adilkhan.com\/wp-content\/uploads\/2026\/02\/IMG_20171202_102903-225x300.jpg\" alt=\"\" width=\"225\" height=\"300\" srcset=\"https:\/\/nomad-adilkhan.com\/wp-content\/uploads\/2026\/02\/IMG_20171202_102903-225x300.jpg 225w, https:\/\/nomad-adilkhan.com\/wp-content\/uploads\/2026\/02\/IMG_20171202_102903-768x1024.jpg 768w, https:\/\/nomad-adilkhan.com\/wp-content\/uploads\/2026\/02\/IMG_20171202_102903-1152x1536.jpg 1152w, https:\/\/nomad-adilkhan.com\/wp-content\/uploads\/2026\/02\/IMG_20171202_102903-1536x2048.jpg 1536w, https:\/\/nomad-adilkhan.com\/wp-content\/uploads\/2026\/02\/IMG_20171202_102903-scaled.jpg 1920w\" sizes=\"auto, (max-width: 225px) 100vw, 225px\" \/><\/a><figcaption id=\"caption-attachment-327\" class=\"wp-caption-text\">Sacs brod\u00e9s Kazack ouest Mongolie<\/figcaption><\/figure>\r\n<p>&nbsp;<\/p>\r\n<!-- \/wp:post-content -->\r\n\r\n<!-- wp:html -->\r\n<div>\r\n<p>A la force des voyages et des rencontres, nous avons fait un choix de pr\u00e9senter \u00e0 la vente des articles originaux et de qualit\u00e9s fabriqu\u00e9s artisanalement et directement par nos commandes sur places ou nos rencontres humaines.<\/p>\r\n<\/div>\r\n<!-- \/wp:html -->\r\n\r\n<!-- wp:paragraph -->\r\n<p>Tant\u00f4t ce sont avec des couturi\u00e8res,\u00a0 des brodeuses, des nomades, des petites entreprises de laines de chameaux ou de Yack qui ont orient\u00e9 nos achats en direct.<\/p>\r\n<!-- \/wp:paragraph -->\r\n\r\n<!-- wp:paragraph -->\r\n<p>Vous pouvez les retrouver sur les march\u00e9s ou nous sommes pr\u00e9sents en fin d\u2019ann\u00e9e, ou sur de l\u2019\u00e9v\u00e9nementiel Artisanal, de bien \u00eatre \u2026<\/p>\r\n<!-- \/wp:paragraph -->\r\n\r\n<!-- wp:paragraph -->\r\n<p>N\u2019h\u00e9sitez\u00a0 pas \u00e0 nous contacter pour vos cadeaux \u00e0 fire \u00e0 tout moment de l\u2019ann\u00e9e.<\/p>\r\n<!-- \/wp:paragraph -->\r\n<style type=\"text\/css\">\n#foogallery-gallery-322.fg-justified .fg-item { margin-right: 2px; margin-bottom: 2px; }\n#foogallery-gallery-322.fg-justified .fg-image { height: 200px; }<\/style>\n\t\t\t<div class=\"foogallery foogallery-container foogallery-justified foogallery-lightbox-foogallery fg-justified fg-ready fg-light fg-shadow-outline fg-loading-default fg-loaded-fade-in fg-caption-always fg-hover-fade fg-hover-zoom2\" id=\"foogallery-gallery-322\" data-foogallery=\"{&quot;item&quot;:{&quot;showCaptionTitle&quot;:true,&quot;showCaptionDescription&quot;:false},&quot;lazy&quot;:true,&quot;template&quot;:{&quot;rowHeight&quot;:200,&quot;maxRowHeight&quot;:300,&quot;margins&quot;:2,&quot;align&quot;:&quot;center&quot;,&quot;lastRow&quot;:&quot;smart&quot;}}\" data-foogallery-lightbox=\"{&quot;thumbs&quot;:&quot;bottom&quot;,&quot;thumbsCaptions&quot;:false,&quot;thumbsBestFit&quot;:false,&quot;thumbsSmall&quot;:false,&quot;thumbsCaptionsAlign&quot;:&quot;default&quot;,&quot;info&quot;:&quot;bottom&quot;,&quot;infoVisible&quot;:true,&quot;infoOverlay&quot;:true,&quot;infoAlign&quot;:&quot;default&quot;,&quot;transition&quot;:&quot;fade&quot;,&quot;hoverButtons&quot;:false,&quot;fitMedia&quot;:false,&quot;noScrollbars&quot;:true,&quot;preserveButtonSpace&quot;:true,&quot;buttons&quot;:{&quot;fullscreen&quot;:true,&quot;info&quot;:true,&quot;thumbs&quot;:false},&quot;video&quot;:{&quot;autoPlay&quot;:true}}\" style=\"--fg-title-line-clamp: 1; --fg-description-line-clamp: 2;\" >\n\t<div class=\"fg-item fg-type-image fg-idle\"><figure class=\"fg-item-inner\"><a href=\"https:\/\/nomad-adilkhan.com\/wp-content\/uploads\/2026\/02\/IMG_20171202_103024-scaled.jpg\" data-attachment-id=\"323\" data-type=\"image\" class=\"fg-thumb\"><span class=\"fg-image-wrap\"><img fetchpriority=\"high\" decoding=\"async\" height=\"300\" width=\"225\" class=\"skip-lazy fg-image\" data-src-fg=\"https:\/\/nomad-adilkhan.com\/wp-content\/uploads\/cache\/2026\/02\/IMG_20171202_103024-scaled\/4157679051.jpg\" src=\"data:image\/svg+xml,%3Csvg%20xmlns%3D%22http%3A%2F%2Fwww.w3.org%2F2000%2Fsvg%22%20width%3D%22225%22%20height%3D%22300%22%20viewBox%3D%220%200%20225%20300%22%3E%3C%2Fsvg%3E\" loading=\"eager\"><\/span><span class=\"fg-image-overlay\"><\/span><\/a><\/figure><div class=\"fg-loader\"><\/div><\/div><div class=\"fg-item fg-type-image fg-idle\"><figure class=\"fg-item-inner\"><a href=\"https:\/\/nomad-adilkhan.com\/wp-content\/uploads\/2026\/02\/IMG_20171202_102955-scaled.jpg\" data-attachment-id=\"324\" data-type=\"image\" class=\"fg-thumb\"><span class=\"fg-image-wrap\"><img decoding=\"async\" height=\"300\" width=\"225\" class=\"skip-lazy fg-image\" data-src-fg=\"https:\/\/nomad-adilkhan.com\/wp-content\/uploads\/cache\/2026\/02\/IMG_20171202_102955-scaled\/1610884024.jpg\" src=\"data:image\/svg+xml,%3Csvg%20xmlns%3D%22http%3A%2F%2Fwww.w3.org%2F2000%2Fsvg%22%20width%3D%22225%22%20height%3D%22300%22%20viewBox%3D%220%200%20225%20300%22%3E%3C%2Fsvg%3E\" loading=\"eager\"><\/span><span class=\"fg-image-overlay\"><\/span><\/a><\/figure><div class=\"fg-loader\"><\/div><\/div><div class=\"fg-item fg-type-image fg-idle\"><figure class=\"fg-item-inner\"><a href=\"https:\/\/nomad-adilkhan.com\/wp-content\/uploads\/2026\/02\/IMG_20171202_102947-scaled.jpg\" data-attachment-id=\"325\" data-type=\"image\" class=\"fg-thumb\"><span class=\"fg-image-wrap\"><img decoding=\"async\" height=\"300\" width=\"225\" class=\"skip-lazy fg-image\" data-src-fg=\"https:\/\/nomad-adilkhan.com\/wp-content\/uploads\/cache\/2026\/02\/IMG_20171202_102947-scaled\/1022473189.jpg\" src=\"data:image\/svg+xml,%3Csvg%20xmlns%3D%22http%3A%2F%2Fwww.w3.org%2F2000%2Fsvg%22%20width%3D%22225%22%20height%3D%22300%22%20viewBox%3D%220%200%20225%20300%22%3E%3C%2Fsvg%3E\" loading=\"eager\"><\/span><span class=\"fg-image-overlay\"><\/span><\/a><\/figure><div class=\"fg-loader\"><\/div><\/div><\/div>\n\r\n<!-- wp:paragraph -->\r\n<p>&nbsp;<\/p>\r\n<!-- \/wp:paragraph -->","protected":false},"excerpt":{"rendered":"<p>AU FILS DES ANS\u2026 &nbsp; A la force des voyages et des rencontres, nous avons fait un choix de pr\u00e9senter \u00e0 la vente des articles originaux et de qualit\u00e9s fabriqu\u00e9s artisanalement et directement par nos commandes sur places ou nos rencontres humaines. Tant\u00f4t ce sont avec des couturi\u00e8res,\u00a0 des brodeuses, des nomades, des petites entreprises &hellip; <a href=\"https:\/\/nomad-adilkhan.com\/index.php\/artisanats\/\" class=\"more-link\">Continuer la lecture de <span class=\"screen-reader-text\">Artisanats<\/span> <span class=\"meta-nav\">&rarr;<\/span><\/a><\/p>\n","protected":false},"author":1,"featured_media":19,"parent":0,"menu_order":5,"comment_status":"closed","ping_status":"closed","template":"","meta":{"_crdt_document":"","footnotes":""},"class_list":["post-34","page","type-page","status-publish","has-post-thumbnail","hentry"],"_links":{"self":[{"href":"https:\/\/nomad-adilkhan.com\/index.php\/wp-json\/wp\/v2\/pages\/34","targetHints":{"allow":["GET"]}}],"collection":[{"href":"https:\/\/nomad-adilkhan.com\/index.php\/wp-json\/wp\/v2\/pages"}],"about":[{"href":"https:\/\/nomad-adilkhan.com\/index.php\/wp-json\/wp\/v2\/types\/page"}],"author":[{"embeddable":true,"href":"https:\/\/nomad-adilkhan.com\/index.php\/wp-json\/wp\/v2\/users\/1"}],"replies":[{"embeddable":true,"href":"https:\/\/nomad-adilkhan.com\/index.php\/wp-json\/wp\/v2\/comments?post=34"}],"version-history":[{"count":5,"href":"https:\/\/nomad-adilkhan.com\/index.php\/wp-json\/wp\/v2\/pages\/34\/revisions"}],"predecessor-version":[{"id":329,"href":"https:\/\/nomad-adilkhan.com\/index.php\/wp-json\/wp\/v2\/pages\/34\/revisions\/329"}],"wp:featuredmedia":[{"embeddable":true,"href":"https:\/\/nomad-adilkhan.com\/index.php\/wp-json\/wp\/v2\/media\/19"}],"wp:attachment":[{"href":"https:\/\/nomad-adilkhan.com\/index.php\/wp-json\/wp\/v2\/media?parent=34"}],"curies":[{"name":"wp","href":"https:\/\/api.w.org\/{rel}","templated":true}]}}