{"id":55,"date":"2026-02-12T00:28:39","date_gmt":"2026-02-12T00:28:39","guid":{"rendered":"https:\/\/nomad-adilkhan.com\/?page_id=55"},"modified":"2026-02-14T14:46:17","modified_gmt":"2026-02-14T14:46:17","slug":"construction","status":"publish","type":"page","link":"https:\/\/nomad-adilkhan.com\/index.php\/yourtes\/construction\/","title":{"rendered":"Construction"},"content":{"rendered":"\n<p class=\"wp-block-paragraph\">&nbsp;<\/p>\n\n\n\n<p class=\"has-text-align-center featured wp-block-paragraph\">Apr\u00e8s avoir import\u00e9 des yourtes de Mongolie depuis 2004, \u00ab&nbsp;Adilkhan&nbsp;\u00bb cr\u00e9e ses propres yourtes depuis 2017 en France avec une \u00e9quipe Franco-Mongole. Nous souhaitons faire perdurer savoir faire, tradition et modernit\u00e9.<\/p>\n\n\n\n<ul class=\"wp-block-list columniz\">\n<li>Mat\u00e9riaux de qualit\u00e9<br><br>naturels et durables<\/li>\n\n\n\n<li>Impact \u00e9cologique faible,<br><br>conscience humaine et respectueuse<\/li>\n\n\n\n<li>Une touche contemporaine<\/li>\n<\/ul>\n\n\n\n<p class=\"has-text-align-center featured wp-block-paragraph\">Nous travaillons sur les tailles de yourtes de 4 murs \u00e0 8 murs<br>c\u2019est \u00e0 dire de 20m\u00b2 \u00e0 70m\u00b2. Au del\u00e0 un devis sp\u00e9cial sur demande sera n\u00e9cessaire.<\/p>\n\n\n\n<h2 class=\"wp-block-heading\">LE BOIS<\/h2>\n\n\n<div class=\"wp-block-image\">\n<figure class=\"alignright\"><a href=\"https:\/\/web.archive.org\/web\/20220218111231im_\/http:\/\/nomad-adilkhan.com\/wp-content\/uploads\/2018\/10\/G201377-300x199.jpg\"><img decoding=\"async\" src=\"https:\/\/web.archive.org\/web\/20220218111231im_\/http:\/\/nomad-adilkhan.com\/wp-content\/uploads\/2018\/10\/G201377-300x199.jpg\" alt=\"\" class=\"wp-image-42\"\/><\/a><\/figure>\n<\/div>\n\n\n<p class=\"wp-block-paragraph\">Provient de la <strong>REGION OCCITANIE<\/strong> \u200b En fonction du stockage et ou des disponibilit\u00e9s de bois sec nous travaillons de l\u2019arbre choisi pour la structure de base, en bois de ch\u00eane, de ch\u00e2taigner, de fr\u00eane selon la n\u00e9cessit\u00e9 des pi\u00e8ces maitresses de la yourte.&nbsp; A l\u2019heure actuelle nous proposons la structure en<strong> bois naturel trait\u00e9 \u00e0 l\u2019huile de lin et \u00e0 la t\u00e9r\u00e9benthine<\/strong>. Nous avons une base de mod\u00e8le de<strong> forme traditionnelle Mongole,<\/strong> et pouvons aussi <strong>adapter les yourtes sur demande<\/strong> et devis avec diverses options de hauteur, et d\u2019am\u00e9nagement et ou avec des ouvertures suppl\u00e9mentaires.<\/p>\n\n\n\n<p class=\"wp-block-paragraph\">&nbsp;<\/p>\n\n\n\n<p class=\"wp-block-paragraph\">&nbsp;<\/p>\n\n\n\n<h2 class=\"wp-block-heading\">LES TISSUS<\/h2>\n\n\n\n<h3 class=\"wp-block-heading\">LES TOILES EXTERIEURES<\/h3>\n\n\n\n<p class=\"wp-block-paragraph\">&nbsp;<\/p>\n\n\n\n<p class=\"wp-block-paragraph\">En <strong>polycoton 3iM2 (imperm\u00e9able, imputr\u00e9cible, ignifug\u00e9)<\/strong> en 540G\/m\u00b2, nous proposons <strong>plusieurs coloris<\/strong>. Toutes les coutures sont faites avec du<strong> fil hydrofug\u00e9 haute r\u00e9sistance<\/strong> aux UV avec une finition irr\u00e9prochable.<\/p>\n\n\n<div class=\"wp-block-image wp-block-image alignright size-medium \">\n<figure class=\"is-resized\"><a href=\"https:\/\/nomad-adilkhan.com\/wp-content\/uploads\/2026\/02\/38765887_2089356141075471_8580138836749713408_n.jpg\"><img loading=\"lazy\" decoding=\"async\" width=\"300\" height=\"225\" src=\"https:\/\/nomad-adilkhan.com\/wp-content\/uploads\/2026\/02\/38765887_2089356141075471_8580138836749713408_n-300x225.jpg\" alt=\"\" class=\"wp-image-240\" style=\"width:300px\" srcset=\"https:\/\/nomad-adilkhan.com\/wp-content\/uploads\/2026\/02\/38765887_2089356141075471_8580138836749713408_n-300x225.jpg 300w, https:\/\/nomad-adilkhan.com\/wp-content\/uploads\/2026\/02\/38765887_2089356141075471_8580138836749713408_n-768x576.jpg 768w, https:\/\/nomad-adilkhan.com\/wp-content\/uploads\/2026\/02\/38765887_2089356141075471_8580138836749713408_n.jpg 960w\" sizes=\"auto, (max-width: 300px) 100vw, 300px\" \/><\/a><\/figure>\n<\/div>\n\n\n<p class=\"wp-block-paragraph\">Le choix de couleur est disponible suivant le stockage de nos fournisseurs (France, Angleterre, Pays Bas).<\/p>\n\n\n\n<p class=\"wp-block-paragraph\">La <strong>finition est faite sur mesure<\/strong> avec une jupe int\u00e9gr\u00e9e au bas des murs de la yourte en PVC non feu M\u00b2 et rivet\u00e9e afin d\u2019\u00e9laborer une meilleur \u00e9tanch\u00e9it\u00e9 du tour du bas le la yourte.<\/p>\n\n\n\n<p class=\"wp-block-paragraph\">Nous insistons sur la qualit\u00e9 et la durabilit\u00e9 du mat\u00e9riel utilis\u00e9. La toile est <strong>garantie par nos fournisseurs<\/strong> avec une utilisation aux quatre saisons de 7 \u00e0 8 ans de vie.<\/p>\n\n\n\n<p class=\"wp-block-paragraph\">&nbsp;<\/p>\n\n\n\n<h3 class=\"wp-block-heading\">LES TOILES INTERIEURES<\/h3>\n\n\n\n<p class=\"wp-block-paragraph\">Nos toiles sont 100% coton demi-natt\u00e9 \u00e9cru ou blanc recouvrant le toit et les murs de la structure en bois adapt\u00e9es sur mesure \u00e0 chaque dimension des yourtes.<\/p>\n\n\n\n<p class=\"wp-block-paragraph\">&nbsp;<\/p>\n\n\n\n<h3 class=\"wp-block-heading\">LES FEUTRES<\/h3>\n\n\n\n<p class=\"wp-block-paragraph\">Fabriqu\u00e9s en France en laine de mouton naturel cousu dans notre atelier en 11mm d\u2019\u00e9paisseur nous les assemblons de fa\u00e7on traditionnelle pour l\u2019isolation des yourtes.<\/p>\n\n\n\n<p class=\"wp-block-paragraph\">&nbsp;<\/p>\n\n\n\n<p class=\"has-text-align-center wp-block-paragraph\"><span class=\"materializer\"><br><a href=\"https:\/\/nomad-adilkhan.com\/wordpress\/yourtes\/commande\/\" class=\"waves-effect waves-light btn-large deep-orange darken-1 white-text\"><br>Voir notre grille de tarification <\/a><br><\/span><\/p>\n\n\n\n<p class=\"wp-block-paragraph\">&nbsp;<\/p>\n\n\n<style type=\"text\/css\">\n#foogallery-gallery-245 .fg-image { width: 270px; }\n#foogallery-gallery-245 { --fg-gutter: 20px; }<\/style>\n\t\t\t<div class=\"foogallery foogallery-container foogallery-default foogallery-lightbox-foogallery fg-center fg-default fg-ready fg-light fg-shadow-small fg-loading-default fg-loaded-fade-in fg-caption-hover fg-hover-fade fg-hover-zoom\" id=\"foogallery-gallery-245\" data-foogallery=\"{&quot;item&quot;:{&quot;showCaptionTitle&quot;:true,&quot;showCaptionDescription&quot;:true},&quot;lazy&quot;:true}\" data-foogallery-lightbox=\"{&quot;thumbs&quot;:&quot;bottom&quot;,&quot;thumbsCaptions&quot;:false,&quot;thumbsBestFit&quot;:false,&quot;thumbsSmall&quot;:false,&quot;thumbsCaptionsAlign&quot;:&quot;default&quot;,&quot;info&quot;:&quot;bottom&quot;,&quot;infoVisible&quot;:true,&quot;infoOverlay&quot;:true,&quot;infoAlign&quot;:&quot;default&quot;,&quot;transition&quot;:&quot;fade&quot;,&quot;hoverButtons&quot;:false,&quot;fitMedia&quot;:false,&quot;noScrollbars&quot;:true,&quot;preserveButtonSpace&quot;:true,&quot;buttons&quot;:{&quot;fullscreen&quot;:true,&quot;info&quot;:true,&quot;thumbs&quot;:false},&quot;video&quot;:{&quot;autoPlay&quot;:true}}\" style=\"--fg-title-line-clamp: 1; --fg-description-line-clamp: 2;\" >\n\t<div class=\"fg-item fg-type-image fg-idle\"><figure class=\"fg-item-inner\"><a href=\"https:\/\/nomad-adilkhan.com\/wp-content\/uploads\/2026\/02\/COUTURE-1.jpg\" data-attachment-id=\"246\" data-type=\"image\" class=\"fg-thumb\"><span class=\"fg-image-wrap\"><img fetchpriority=\"high\" decoding=\"async\" width=\"270\" height=\"230\" class=\"skip-lazy fg-image\" data-src-fg=\"https:\/\/nomad-adilkhan.com\/wp-content\/uploads\/cache\/2026\/02\/COUTURE-1\/1747573895.jpg\" src=\"data:image\/svg+xml,%3Csvg%20xmlns%3D%22http%3A%2F%2Fwww.w3.org%2F2000%2Fsvg%22%20width%3D%22270%22%20height%3D%22230%22%20viewBox%3D%220%200%20270%20230%22%3E%3C%2Fsvg%3E\" loading=\"eager\"><\/span><span class=\"fg-image-overlay\"><\/span><\/a><\/figure><div class=\"fg-loader\"><\/div><\/div><div class=\"fg-item fg-type-image fg-idle\"><figure class=\"fg-item-inner\"><a href=\"https:\/\/nomad-adilkhan.com\/wp-content\/uploads\/2026\/02\/COUTURE-2-.jpg\" data-attachment-id=\"247\" data-type=\"image\" class=\"fg-thumb\"><span class=\"fg-image-wrap\"><img decoding=\"async\" width=\"270\" height=\"230\" class=\"skip-lazy fg-image\" data-src-fg=\"https:\/\/nomad-adilkhan.com\/wp-content\/uploads\/cache\/2026\/02\/COUTURE-2-\/2187947013.jpg\" src=\"data:image\/svg+xml,%3Csvg%20xmlns%3D%22http%3A%2F%2Fwww.w3.org%2F2000%2Fsvg%22%20width%3D%22270%22%20height%3D%22230%22%20viewBox%3D%220%200%20270%20230%22%3E%3C%2Fsvg%3E\" loading=\"eager\"><\/span><span class=\"fg-image-overlay\"><\/span><\/a><\/figure><div class=\"fg-loader\"><\/div><\/div><div class=\"fg-item fg-type-image fg-idle\"><figure class=\"fg-item-inner\"><a href=\"https:\/\/nomad-adilkhan.com\/wp-content\/uploads\/2026\/02\/G201126-3-scaled.jpg\" data-attachment-id=\"248\" data-type=\"image\" class=\"fg-thumb\"><span class=\"fg-image-wrap\"><img decoding=\"async\" width=\"270\" height=\"230\" class=\"skip-lazy fg-image\" data-src-fg=\"https:\/\/nomad-adilkhan.com\/wp-content\/uploads\/cache\/2026\/02\/G201126-3-scaled\/1118534972.jpg\" src=\"data:image\/svg+xml,%3Csvg%20xmlns%3D%22http%3A%2F%2Fwww.w3.org%2F2000%2Fsvg%22%20width%3D%22270%22%20height%3D%22230%22%20viewBox%3D%220%200%20270%20230%22%3E%3C%2Fsvg%3E\" loading=\"eager\"><\/span><span class=\"fg-image-overlay\"><\/span><\/a><\/figure><div class=\"fg-loader\"><\/div><\/div><div class=\"fg-item fg-type-image fg-idle\"><figure class=\"fg-item-inner\"><a href=\"https:\/\/nomad-adilkhan.com\/wp-content\/uploads\/2026\/02\/G201494.jpg\" data-attachment-id=\"249\" data-type=\"image\" class=\"fg-thumb\"><span class=\"fg-image-wrap\"><img decoding=\"async\" width=\"270\" height=\"230\" class=\"skip-lazy fg-image\" data-src-fg=\"https:\/\/nomad-adilkhan.com\/wp-content\/uploads\/cache\/2026\/02\/G201494\/2370681870.jpg\" src=\"data:image\/svg+xml,%3Csvg%20xmlns%3D%22http%3A%2F%2Fwww.w3.org%2F2000%2Fsvg%22%20width%3D%22270%22%20height%3D%22230%22%20viewBox%3D%220%200%20270%20230%22%3E%3C%2Fsvg%3E\" loading=\"eager\"><\/span><span class=\"fg-image-overlay\"><\/span><\/a><\/figure><div class=\"fg-loader\"><\/div><\/div><div class=\"fg-item fg-type-image fg-idle\"><figure class=\"fg-item-inner\"><a href=\"https:\/\/nomad-adilkhan.com\/wp-content\/uploads\/2026\/02\/G201614-1-scaled.jpg\" data-attachment-id=\"250\" data-type=\"image\" class=\"fg-thumb\"><span class=\"fg-image-wrap\"><img decoding=\"async\" width=\"270\" height=\"230\" class=\"skip-lazy fg-image\" data-src-fg=\"https:\/\/nomad-adilkhan.com\/wp-content\/uploads\/cache\/2026\/02\/G201614-1-scaled\/1517288046.jpg\" src=\"data:image\/svg+xml,%3Csvg%20xmlns%3D%22http%3A%2F%2Fwww.w3.org%2F2000%2Fsvg%22%20width%3D%22270%22%20height%3D%22230%22%20viewBox%3D%220%200%20270%20230%22%3E%3C%2Fsvg%3E\" loading=\"eager\"><\/span><span class=\"fg-image-overlay\"><\/span><\/a><\/figure><div class=\"fg-loader\"><\/div><\/div><div class=\"fg-item fg-type-image fg-idle\"><figure class=\"fg-item-inner\"><a href=\"https:\/\/nomad-adilkhan.com\/wp-content\/uploads\/2026\/02\/G201659-rotated.jpg\" data-attachment-id=\"251\" data-type=\"image\" class=\"fg-thumb\"><span class=\"fg-image-wrap\"><img decoding=\"async\" width=\"270\" height=\"230\" class=\"skip-lazy fg-image\" data-src-fg=\"https:\/\/nomad-adilkhan.com\/wp-content\/uploads\/cache\/2026\/02\/G201659-rotated\/3686931543.jpg\" src=\"data:image\/svg+xml,%3Csvg%20xmlns%3D%22http%3A%2F%2Fwww.w3.org%2F2000%2Fsvg%22%20width%3D%22270%22%20height%3D%22230%22%20viewBox%3D%220%200%20270%20230%22%3E%3C%2Fsvg%3E\" loading=\"eager\"><\/span><span class=\"fg-image-overlay\"><\/span><\/a><\/figure><div class=\"fg-loader\"><\/div><\/div><div class=\"fg-item fg-type-image fg-idle\"><figure class=\"fg-item-inner\"><a href=\"https:\/\/nomad-adilkhan.com\/wp-content\/uploads\/2026\/02\/IMG_20170507_141659-scaled.jpg\" data-attachment-id=\"252\" data-type=\"image\" class=\"fg-thumb\"><span class=\"fg-image-wrap\"><img decoding=\"async\" width=\"270\" height=\"230\" class=\"skip-lazy fg-image\" data-src-fg=\"https:\/\/nomad-adilkhan.com\/wp-content\/uploads\/cache\/2026\/02\/IMG_20170507_141659-scaled\/4026617931.jpg\" src=\"data:image\/svg+xml,%3Csvg%20xmlns%3D%22http%3A%2F%2Fwww.w3.org%2F2000%2Fsvg%22%20width%3D%22270%22%20height%3D%22230%22%20viewBox%3D%220%200%20270%20230%22%3E%3C%2Fsvg%3E\" loading=\"eager\"><\/span><span class=\"fg-image-overlay\"><\/span><\/a><\/figure><div class=\"fg-loader\"><\/div><\/div><div class=\"fg-item fg-type-image fg-idle\"><figure class=\"fg-item-inner\"><a href=\"https:\/\/nomad-adilkhan.com\/wp-content\/uploads\/2026\/02\/IMG_20170616_120706-scaled.jpg\" data-attachment-id=\"253\" data-type=\"image\" class=\"fg-thumb\"><span class=\"fg-image-wrap\"><img decoding=\"async\" width=\"270\" height=\"230\" class=\"skip-lazy fg-image\" data-src-fg=\"https:\/\/nomad-adilkhan.com\/wp-content\/uploads\/cache\/2026\/02\/IMG_20170616_120706-scaled\/2779164432.jpg\" src=\"data:image\/svg+xml,%3Csvg%20xmlns%3D%22http%3A%2F%2Fwww.w3.org%2F2000%2Fsvg%22%20width%3D%22270%22%20height%3D%22230%22%20viewBox%3D%220%200%20270%20230%22%3E%3C%2Fsvg%3E\" loading=\"eager\"><\/span><span class=\"fg-image-overlay\"><\/span><\/a><\/figure><div class=\"fg-loader\"><\/div><\/div><div class=\"fg-item fg-type-image fg-idle\"><figure class=\"fg-item-inner\"><a href=\"https:\/\/nomad-adilkhan.com\/wp-content\/uploads\/2026\/02\/IMG_20170919_110059-scaled.jpg\" data-attachment-id=\"254\" data-type=\"image\" class=\"fg-thumb\"><span class=\"fg-image-wrap\"><img decoding=\"async\" width=\"270\" height=\"230\" class=\"skip-lazy fg-image\" data-src-fg=\"https:\/\/nomad-adilkhan.com\/wp-content\/uploads\/cache\/2026\/02\/IMG_20170919_110059-scaled\/1779388194.jpg\" src=\"data:image\/svg+xml,%3Csvg%20xmlns%3D%22http%3A%2F%2Fwww.w3.org%2F2000%2Fsvg%22%20width%3D%22270%22%20height%3D%22230%22%20viewBox%3D%220%200%20270%20230%22%3E%3C%2Fsvg%3E\" loading=\"eager\"><\/span><span class=\"fg-image-overlay\"><\/span><\/a><\/figure><div class=\"fg-loader\"><\/div><\/div><div class=\"fg-item fg-type-image fg-idle\"><figure class=\"fg-item-inner\"><a href=\"https:\/\/nomad-adilkhan.com\/wp-content\/uploads\/2026\/02\/IMG_20170919_183006-scaled.jpg\" data-attachment-id=\"255\" data-type=\"image\" class=\"fg-thumb\"><span class=\"fg-image-wrap\"><img decoding=\"async\" width=\"270\" height=\"230\" class=\"skip-lazy fg-image\" data-src-fg=\"https:\/\/nomad-adilkhan.com\/wp-content\/uploads\/cache\/2026\/02\/IMG_20170919_183006-scaled\/704684363.jpg\" src=\"data:image\/svg+xml,%3Csvg%20xmlns%3D%22http%3A%2F%2Fwww.w3.org%2F2000%2Fsvg%22%20width%3D%22270%22%20height%3D%22230%22%20viewBox%3D%220%200%20270%20230%22%3E%3C%2Fsvg%3E\" loading=\"eager\"><\/span><span class=\"fg-image-overlay\"><\/span><\/a><\/figure><div class=\"fg-loader\"><\/div><\/div><div class=\"fg-item fg-type-image fg-idle\"><figure class=\"fg-item-inner\"><a href=\"https:\/\/nomad-adilkhan.com\/wp-content\/uploads\/2026\/02\/IMG_20170919_183015-scaled.jpg\" data-attachment-id=\"256\" data-type=\"image\" class=\"fg-thumb\"><span class=\"fg-image-wrap\"><img decoding=\"async\" width=\"270\" height=\"230\" class=\"skip-lazy fg-image\" data-src-fg=\"https:\/\/nomad-adilkhan.com\/wp-content\/uploads\/cache\/2026\/02\/IMG_20170919_183015-scaled\/2067368516.jpg\" src=\"data:image\/svg+xml,%3Csvg%20xmlns%3D%22http%3A%2F%2Fwww.w3.org%2F2000%2Fsvg%22%20width%3D%22270%22%20height%3D%22230%22%20viewBox%3D%220%200%20270%20230%22%3E%3C%2Fsvg%3E\" loading=\"eager\"><\/span><span class=\"fg-image-overlay\"><\/span><\/a><\/figure><div class=\"fg-loader\"><\/div><\/div><div class=\"fg-item fg-type-image fg-idle\"><figure class=\"fg-item-inner\"><a href=\"https:\/\/nomad-adilkhan.com\/wp-content\/uploads\/2026\/02\/IMG_20170920_113612-1-scaled.jpg\" data-attachment-id=\"257\" data-type=\"image\" class=\"fg-thumb\"><span class=\"fg-image-wrap\"><img decoding=\"async\" width=\"270\" height=\"230\" class=\"skip-lazy fg-image\" data-src-fg=\"https:\/\/nomad-adilkhan.com\/wp-content\/uploads\/cache\/2026\/02\/IMG_20170920_113612-1-scaled\/2898298531.jpg\" src=\"data:image\/svg+xml,%3Csvg%20xmlns%3D%22http%3A%2F%2Fwww.w3.org%2F2000%2Fsvg%22%20width%3D%22270%22%20height%3D%22230%22%20viewBox%3D%220%200%20270%20230%22%3E%3C%2Fsvg%3E\" loading=\"eager\"><\/span><span class=\"fg-image-overlay\"><\/span><\/a><\/figure><div class=\"fg-loader\"><\/div><\/div><div class=\"fg-item fg-type-image fg-idle\"><figure class=\"fg-item-inner\"><a href=\"https:\/\/nomad-adilkhan.com\/wp-content\/uploads\/2026\/02\/IMG_20170920_150442-scaled.jpg\" data-attachment-id=\"258\" data-type=\"image\" class=\"fg-thumb\"><span class=\"fg-image-wrap\"><img decoding=\"async\" width=\"270\" height=\"230\" class=\"skip-lazy fg-image\" data-src-fg=\"https:\/\/nomad-adilkhan.com\/wp-content\/uploads\/cache\/2026\/02\/IMG_20170920_150442-scaled\/1445750403.jpg\" src=\"data:image\/svg+xml,%3Csvg%20xmlns%3D%22http%3A%2F%2Fwww.w3.org%2F2000%2Fsvg%22%20width%3D%22270%22%20height%3D%22230%22%20viewBox%3D%220%200%20270%20230%22%3E%3C%2Fsvg%3E\" loading=\"eager\"><\/span><span class=\"fg-image-overlay\"><\/span><\/a><\/figure><div class=\"fg-loader\"><\/div><\/div><div class=\"fg-item fg-type-image fg-idle\"><figure class=\"fg-item-inner\"><a href=\"https:\/\/nomad-adilkhan.com\/wp-content\/uploads\/2026\/02\/SG200284-scaled.jpg\" data-attachment-id=\"259\" data-type=\"image\" class=\"fg-thumb\"><span class=\"fg-image-wrap\"><img decoding=\"async\" width=\"270\" height=\"230\" class=\"skip-lazy fg-image\" data-src-fg=\"https:\/\/nomad-adilkhan.com\/wp-content\/uploads\/cache\/2026\/02\/SG200284-scaled\/3219080088.jpg\" src=\"data:image\/svg+xml,%3Csvg%20xmlns%3D%22http%3A%2F%2Fwww.w3.org%2F2000%2Fsvg%22%20width%3D%22270%22%20height%3D%22230%22%20viewBox%3D%220%200%20270%20230%22%3E%3C%2Fsvg%3E\" loading=\"eager\"><\/span><span class=\"fg-image-overlay\"><\/span><\/a><\/figure><div class=\"fg-loader\"><\/div><\/div><div class=\"fg-item fg-type-image fg-idle\"><figure class=\"fg-item-inner\"><a href=\"https:\/\/nomad-adilkhan.com\/wp-content\/uploads\/2026\/02\/TOILE-NON-WEB-scaled.jpg\" data-attachment-id=\"260\" data-type=\"image\" class=\"fg-thumb\"><span class=\"fg-image-wrap\"><img decoding=\"async\" width=\"270\" height=\"230\" class=\"skip-lazy fg-image\" data-src-fg=\"https:\/\/nomad-adilkhan.com\/wp-content\/uploads\/cache\/2026\/02\/TOILE-NON-WEB-scaled\/896999646.jpg\" src=\"data:image\/svg+xml,%3Csvg%20xmlns%3D%22http%3A%2F%2Fwww.w3.org%2F2000%2Fsvg%22%20width%3D%22270%22%20height%3D%22230%22%20viewBox%3D%220%200%20270%20230%22%3E%3C%2Fsvg%3E\" loading=\"eager\"><\/span><span class=\"fg-image-overlay\"><\/span><\/a><\/figure><div class=\"fg-loader\"><\/div><\/div><\/div>\n\n\n\n<p class=\"wp-block-paragraph\">&nbsp;<\/p>\n\n\n\n<h2 class=\"wp-block-heading\">&nbsp;<\/h2>\n\n\n\n<p class=\"wp-block-paragraph\">&nbsp;<\/p>\n\n\n\n\n<\/p>\n<p><!-- \/wp:post-content --><\/p>\n<p><!-- wp:paragraph --><\/p>\n<p><!-- wp:paragraph --><\/p>\n<p><!-- \/wp:paragraph --><\/p>\n<p><!-- wp:paragraph --><\/p>\n<p>\u200b<\/p>\n<p><!-- \/wp:paragraph --><\/p>","protected":false},"excerpt":{"rendered":"<p>&nbsp; Apr\u00e8s avoir import\u00e9 des yourtes de Mongolie depuis 2004, \u00ab&nbsp;Adilkhan&nbsp;\u00bb cr\u00e9e ses propres yourtes depuis 2017 en France avec une \u00e9quipe Franco-Mongole. Nous souhaitons faire perdurer savoir faire, tradition et modernit\u00e9. Nous travaillons sur les tailles de yourtes de 4 murs \u00e0 8 mursc\u2019est \u00e0 dire de 20m\u00b2 \u00e0 70m\u00b2. Au del\u00e0 un devis &hellip; <a href=\"https:\/\/nomad-adilkhan.com\/index.php\/yourtes\/construction\/\" class=\"more-link\">Continuer la lecture de <span class=\"screen-reader-text\">Construction<\/span> <span class=\"meta-nav\">&rarr;<\/span><\/a><\/p>\n","protected":false},"author":1,"featured_media":0,"parent":2,"menu_order":11,"comment_status":"closed","ping_status":"closed","template":"","meta":{"_crdt_document":"","footnotes":""},"class_list":["post-55","page","type-page","status-publish","hentry"],"_links":{"self":[{"href":"https:\/\/nomad-adilkhan.com\/index.php\/wp-json\/wp\/v2\/pages\/55","targetHints":{"allow":["GET"]}}],"collection":[{"href":"https:\/\/nomad-adilkhan.com\/index.php\/wp-json\/wp\/v2\/pages"}],"about":[{"href":"https:\/\/nomad-adilkhan.com\/index.php\/wp-json\/wp\/v2\/types\/page"}],"author":[{"embeddable":true,"href":"https:\/\/nomad-adilkhan.com\/index.php\/wp-json\/wp\/v2\/users\/1"}],"replies":[{"embeddable":true,"href":"https:\/\/nomad-adilkhan.com\/index.php\/wp-json\/wp\/v2\/comments?post=55"}],"version-history":[{"count":15,"href":"https:\/\/nomad-adilkhan.com\/index.php\/wp-json\/wp\/v2\/pages\/55\/revisions"}],"predecessor-version":[{"id":276,"href":"https:\/\/nomad-adilkhan.com\/index.php\/wp-json\/wp\/v2\/pages\/55\/revisions\/276"}],"up":[{"embeddable":true,"href":"https:\/\/nomad-adilkhan.com\/index.php\/wp-json\/wp\/v2\/pages\/2"}],"wp:attachment":[{"href":"https:\/\/nomad-adilkhan.com\/index.php\/wp-json\/wp\/v2\/media?parent=55"}],"curies":[{"name":"wp","href":"https:\/\/api.w.org\/{rel}","templated":true}]}}